mmon divisor of 345 and 147085.
115
Calculate the highest common divisor of 14 and 99155.
7
What is the greatest common factor of 1190653 and 58?
29
Calculate the greatest common factor of 1563 and 3.
3
Calculate the highest common factor of 3300 and 18750.
150
Calculate the greatest common divisor of 158432 and 56.
8
What is the greatest common factor of 231261 and 942?
471
Calculate the greatest common divisor of 36126 and 111946.
446
What is the greatest common factor of 432 and 17766?
54
Calculate the highest common divisor of 81035 and 95.
95
Calculate the highest common divisor of 81909 and 1026.
171
What is the greatest common factor of 675 and 56160?
135
What is the greatest common divisor of 189 and 78750?
63
What is the highest common factor of 78784 and 256?
64
What is the greatest common factor of 92 and 3013?
23
Calculate the greatest common factor of 624 and 10842.
78
Calculate the highest common divisor of 4407 and 4719.
39
What is the highest common factor of 545022 and 12?
6
What is the greatest common factor of 1751965 and 10?
5
What is the highest common divisor of 311 and 2269367?
311
Calculate the highest common factor of 161 and 49427.
161
What is the highest common divisor of 137033 and 17264?
1079
Calculate the highest common divisor of 50904 and 3.
3
Calculate the highest common factor of 1140 and 1012890.
570
What is the highest common factor of 1339 and 16171?
103
Calculate the greatest common factor of 157988 and 508.
508
Calculate the greatest common factor of 12999 and 84.
21
What is the greatest common divisor of 1650 and 92730?
330
Calculate the greatest common factor of 359236 and 2.
2
What is the highest common factor of 396868 and 376?
188
What is the greatest common factor of 468678 and 7?
7
Calculate the greatest common divisor of 6033135 and 15.
15
Calculate the greatest common divisor of 260 and 169.
13
Calculate the highest common divisor of 23352 and 2100.
84
Calculate the greatest common divisor of 1512 and 16254.
378
What is the greatest common factor of 220 and 124696?
44
What is the highest common divisor of 2370 and 819783?
237
Calculate the greatest common factor of 1138 and 157044.
1138
What is the highest common divisor of 854003 and 1047?
349
Calculate the highest common divisor of 1606 and 344487.
803
What is the highest common divisor of 24067 and 5617?
41
What is the greatest common factor of 16705318 and 14?
14
Calculate the greatest common factor of 4658620 and 172.
172
Calculate the highest common factor of 2177648 and 176.
176
Calculate the greatest common factor of 13 and 352742.
13
What is the highest common divisor of 69801 and 1431?
159
What is the greatest common factor of 8575 and 11350?
25
What is the greatest common factor of 13216 and 10528?
224
Calculate the highest common factor of 35445 and 255.
255
What is the greatest common divisor of 7125 and 885?
15
What is the greatest common factor of 1716 and 114257?
143
What is the highest common divisor of 39330 and 152?
38
Calculate the highest common factor of 754 and 32248.
58
What is the greatest common factor of 651 and 165509?
31
Calculate the highest common divisor of 58996 and 688.
172
What is the highest common factor of 16 and 23696?
16
Calculate the highest common factor of 86275 and 700.
175
Calculate the highest common divisor of 3000 and 32700.
300
What is the highest common divisor of 10496 and 85444?
164
What is the greatest common factor of 7392 and 198?
66
What is the highest common factor of 56117 and 34?
17
Calculate the greatest common divisor of 395 and 182095.
395
Calculate the greatest common divisor of 24541 and 759.
253
What is the highest common divisor of 1735940 and 348?
116
Calculate the greatest common factor of 387 and 2064.
129
Calculate the highest common divisor of 8184222 and 18.
18
Calculate the greatest common factor of 24 and 2764.
4
What is the greatest common divisor of 2534 and 2366?
14
What is the highest common divisor of 1056 and 168?
24
Calculate the highest common divisor of 671 and 2989.
61
What is the highest common factor of 21 and 2482473?
21
What is the highest common divisor of 190 and 2506100?
190
Calculate the highest common divisor of 671088 and 24.
24
Calculate the greatest common divisor of 78 and 21138.
78
What is the highest common divisor of 133 and 33497?
19
Calculate the greatest common divisor of 3815 and 28885.
545
What is the greatest common divisor of 6 and 195018?
6
Calculate the greatest common divisor of 5718054 and 111.
111
Calculate the greatest common divisor of 4509 and 1161.
27
Calculate the greatest common divisor of 4927308 and 456.
228
Calculate the greatest common divisor of 10885 and 608005.
1555
What is the highest common divisor of 31954 and 4654?
26
Calculate the highest common divisor of 31073 and 5152.
161
Calculate the greatest common divisor of 628 and 616.
4
What is the highest common factor of 372 and 1871718?
186
Calculate the highest common factor of 3598 and 224.
14
Calculate the greatest common divisor of 971720 and 200.
40
What is the highest common factor of 11062 and 26?
2
Calculate the greatest common factor of 1380256 and 24.
8
What is the highest common factor of 4334 and 209?
11
What is the highest common divisor of 118826 and 47329?
1007
What is the highest common factor of 18104 and 127312?
584
What is the highest common factor of 29136 and 84?
12
Calculate the greatest common factor of 829094 and 14.
14
What is the highest common divisor of 684 and 133836?
228
What is the highest common divisor of 85 and 26282?
17
Calculate the highest common factor of 208941 and 21951.
813
Calculate the greatest common factor of 1640 and 94013.
41
What is the greatest common divisor of 18387 and 1?
1
Calculate the highest common factor of 7820 and 420716.
1564
Calculate the highest common factor of 68 and 13154.
2
Calculate the highest common factor of 510 and 1801830.
510
Calculate the greatest common divisor of 240 and 30504.
24
Calculate the greatest common divisor of 521640 and 105.
105
Calculate the greatest common factor of 538 and 544725.
269
Calculate the highest common divisor of 9 and 1993.
1
Calculate the greatest common divisor of 13920 and 21228.
348
Calculate the highest common factor of 3 and 194349.
3
Calculate the highest common divisor of 1355265 and 135.
135
Calculate the highest common factor of 1096316 and 580.
116
Calculate the greatest common factor of 20501 and 664.
83
What is the greatest common divisor of 256014 and 2178?
198
What is the highest common divisor of 1112 and 417?
139
What is the greatest common divisor of 6355 and 465?
155
What is the greatest common factor of 191029 and 1734?
289
What is the highest common factor of 1321518 and 11?
11
What is the highest common factor of 254 and 8941054?
254
What is the highest common divisor of 54 and 1062?
18
Calculate the highest common factor of 261 and 1179.
9
What is the highest common factor of 8172 and 342?
18
Calculate the greatest common divisor of 101952 and 1024.
64
Calculate the greatest common factor of 6681 and 561.
51
What is the greatest common factor of 995 and 269048?
199
Calculate the greatest common divisor of 90 and 1206.
18
Calculate the highest common factor of 1345750 and 875.
875
What is the highest common divisor of 48 and 518672?
16
Calculate the greatest common factor of 35 and 34027.
7
Calculate the highest common factor of 1020 and 15572.
68
What is the highest common factor of 3681 and 279?
9
Calculate the highest common factor of 1020 and 26588.
68
Calculate the highest common divisor of 725 and 2465.
145
Calculate the greatest common divisor of 14130 and 2790.
90
Calculate the greatest common divisor of 342 and 112062.
114
Calculate the greatest common factor of 110 and 99350.
10
Calculate the highest common factor of 6570 and 218270.
730
What is the highest common factor of 66 and 93621?
33
Calculate the greatest common factor of 450078 and 6.
6
Calculate the greatest common divisor of 18159 and 42.
3
Calculate the greatest common factor of 93 and 354175.
31
Calculate the highest common factor of 2629 and 3905.
11
What is the greatest common divisor of 995 and 367?
1
What is the greatest common factor of 5967 and 1014?
39
What is the 